t c(p) be the second derivative of -p**3/3 - 43*p**2 - 1079*p. What is c(-40)?
-6
Suppose -3*x - 2*h = -34, -4*x + 3*h - 5 = -22. Let u be -3*((-2)/x)/((-42)/(-224)). Let a(n) = -2*n + 4. What is a(u)?
-4
Let k(q) = -788699 + 25*q - 788887 + 1578015. Determine k(-17).
4
Let v = -74 - -79. Suppose 15*m + v = 10*m. Let w(k) = -5*k**2 + k + 1. Determine w(m).
-5
Let o(x) = -x**3 + 15*x**2 + 6*x - 11. Suppose d + 30*z = 25*z + 40, 3*z - 15 = 0. What is o(d)?
79
Let w(q) = -q**3 - q**2 + 3*q + 1. Suppose -6 = 152*v - 154*v. Suppose v = -k - 0. Give w(k).
10
Let z(g) be the second derivative of -g**4/12 + 3*g**3/2 - g**2 + 738*g. Give z(6).
16
Suppose 8 + 2 = 2*v. Let p(f) be the second derivative of -f**5/20 + 5*f**4/12 + f**3/3 - 2*f - 1189. Determine p(v).
10
Let j(x) = 3*x + 5*x - 61 - 48 + 0*x + 121. What is j(6)?
60
Let x(m) = m - m + 2*m + 2. Let g = -1017 - -1019. Suppose -g*o = 2*n, -n = 9 - 7. Determine x(o).
6
Let x(s) = -s + 6. Suppose 0 = 5*g + 1 - 6, 2*g = -4*n + 18. Suppose 2*m + 2*m + 3 = p, -m = -5*p - n. Let l be (0/5)/(0 + p). Calculate x(l).
6
Suppose 8*g = -14*g + 44. Let p(z) = -38 - 11*z + 18 + 17 + z**g. Calculate p(11).
-3
Suppose -52*c + 203 = -1357. Let l(k) = -2*k**2 + 58*k + 42. What is l(c)?
-18
Suppose -1201 = 456*q + 623. Let d(f) be the first derivative of -f**4/4 - 5*f**3/3 - f**2 + 5*f + 1. Determine d(q).
-3
Let i(b) be the third derivative of -b**6/120 - 3*b**5/20 - b**4/8 - 17*b**3/6 - 2*b**2 - 85*b. Determine i(-9).
10
Let d be (1 - 1) + (2 - 0). Let j(u) = 4 + 10*u**2 - 8*u + 19*u - 11*u**d - 13*u. Let v be (14/(-21))/((-1)/(-6)). Determine j(v).
-4
Let z(t) be the third derivative of t**5/60 - t**4/4 - 5*t**3/2 - 1515*t**2. Calculate z(11).
40
Let u(s) = -11*s**2 - 6 - 12*s**2 + 6*s + 24*s**2. Suppose m - 2*p = 14, -3*m - m - 2*p = -56. Let t = m + -20. What is u(t)?
-6
Let j(t) = t - 20. Suppose 87*k = -3*k + 810. Calculate j(k).
-11
Let z(d) be the third derivative of d**4/24 - 2*d**2. Let n be (-356)/(-6)*(0 + 12/8). Let i = -91 + n. Give z(i).
-2
Let r(b) = -2*b**2 - 14*b + 1. Suppose 0 = 2*d - 8*d. Suppose d = 4*a - 5*a - 7. Give r(a).
1
Let j(z) be the first derivative of -4*z**2 - 2*z + 78. Let m(v) = 7*v + 3. Let y(g) = -5*j(g) - 6*m(g). Give y(-3).
-2
Let l(n) = -235*n + 503 + 187*n - 513. What is l(-1)?
38
Let p(s) = -1 - 3*s + 4*s - 1. Suppose -17*y + 15*y + 8 = 0. Suppose y*o = 3*d + 28, 2*o = -3*d - 4 - 0. Give p(d).
-6
Let y(g) = -14 + 2*g**2 + 20 - 1333*g + 1306*g. What is y(13)?
-7
Let o(q) = q**2 - q**2 - 8 - 4 - q**2 - 11*q. Let s(w) = 55*w + 22. Let d(t) = -27*t - 11. Let f(n) = -13*d(n) - 6*s(n). Let h be f(-1). Give o(h).
-2
Let o(k) = 2*k**2 + 8*k + 5. Suppose 4*v + y + 375 = 0, -5*y = -4*v + 7*v + 294. Let x = v - -97. Suppose d + 5*u = 5 + 5, 0 = d + x*u - 7. Determine o(d).
15
Let p(u) = 8 - 19 + 8 + 16*u**2 - 15*u**2 - 5*u + 17*u. Suppose 0 = -f + 6 - 17. Give p(f).
-14
Let n be (-4 - 0)*6/4. Let s(u) = 4*u**3 + 50*u**2 + 12*u + 7. Let l(m) = -5*m**3 - 61*m**2 - 13*m - 7. Let w(k) = 5*l(k) + 6*s(k). Determine w(n).
1
Let k(n) be the third derivative of 11*n**7/5040 - n**6/720 + n**5/5 + 34*n**2. Let o(h) be the third derivative of k(h). What is o(3)?
32
Let h(p) = -8*p - p**2 - 36 - 52 + 90. Let n(j) = j**2 + 7*j - 1. Let u(m) = -4*h(m) - 5*n(m). Give u(-6).
-21
Let c(p) = 12*p + 10 - 14*p + 39 - 10. Let k be c(24). Let d(f) = f**3 + 9*f**2 - 3*f - 4. What is d(k)?
23
Let x(t) = 78*t - 52. Let a(u) = 8*u + 1. Let o(b) = 10*a(b) - x(b). Calculate o(-30).
2
Let k = -17 - -19. Let u be 3/k*((-256)/24 + 8). Let x(o) = 14*o**2 - 10*o + 3*o**2 - 1 - 18*o**2. Calculate x(u).
23
Let h(o) be the second derivative of o**6/15 + o**5/60 + o**4/24 + o**3/6 - 10*o**2 + 2*o. Let t(x) be the first derivative of h(x). Determine t(-1).
-7
Let q(v) = -v**3 - v**2 - v - 17. Suppose -3*z = -4*l - 2*z - 44, 0 = 2*l + 3*z + 22. Let r be (l - -4 - -7)/(-2). Calculate q(r).
-17
Let n(q) = -q**3 - 24*q**2 + 76*q + 16. Let b be n(-26). Let k = b + 621. Let a(o) = -o**2 + 15*o - 10. Determine a(k).
16
Let x(i) = -2*i - 3. Let n = -158 - -156. Let g be (-9*(-2)/n)/(3/(-3)). Determine x(g).
-21
Let n = -5626 + 5612. Let o(v) = v**3 + 14*v**2 - 6*v - 21. Calculate o(n).
63
Let j(v) = -v**2 + v + 3. Suppose 3*s - 9 = -2*f, 2*s + 21 = 5*s - 2*f. Suppose t - 3 = 1, -t - 11 = s*i. Give j(i).
-9
Let l(s) = -s - 1. Suppose 0 = -6*y + 33 - 9. Suppose -y*z = 6*z. Give l(z).
-1
Suppose -2*b = -6 - 2. Let m(c) = b - 558*c**2 + 557*c**2 - 8 - 5*c. Determine m(-5).
-4
Let f(x) be the third derivative of x**4/8 + 31*x**3/6 - 127*x**2 - 1. What is f(-12)?
-5
Suppose -2*x + 103 = 101. Let p(t) be the first derivative of -3*t**4 + t**2 - t - 139. What is p(x)?
-11
Let a(u) = -51 - 7*u + 5*u**2 - 5*u - 2686*u**3 + 5356*u**3 - 2669*u**3. Calculate a(-3).
3
Suppose 13*a - 5*a + 126 = -a. Let p(b) = -4*b - 19. Let i(t) = -3*t - 19. Let d(g) = -3*i(g) + 2*p(g). Calculate d(a).
5
Let j(y) = -2*y**3 - 1 + 8*y - 20*y**3 + 19*y**3 + y**3 - 8*y**2 + 3*y**3. What is j(6)?
-25
Let y(d) = -2*d**2 - 2*d + 5. Let o(i) = -i**2 - 2*i - 1. Suppose -3*a + 7 = -2*v, -6*v + 20 = -10*v. Let b(p) = a*o(p) + y(p). Give b(0).
6
Let t be (-16)/10*(-10)/4. Suppose -4*k = -5*k + t*k. Let d(i) = i**3 - i**2 + 8. Calculate d(k).
8
Let w(g) = -41*g**2 + 9*g + 10. Let n be w(-1). Let r be -20*(n/25)/4. Let x(p) = -p**3 + 7*p**2 + 9*p - 1. Calculate x(r).
7
Let l(m) = -m**3 + 7*m + 6. Let f(j) = -j - 189 - 3*j + 188 + 3*j. Let a(x) = 5*f(x) + l(x). Let z(k) = -k**2 + 2*k + 6. Let c be z(4). Give a(c).
5
Let r(x) = 26*x - 4. Let v(s) = 52*s + 15. Let c(t) = -7*r(t) + 3*v(t). What is c(4)?
-31
Let i(o) = 32*o + 3. Let g(w) = 123*w + 13. Let m(p) = 6*g(p) - 23*i(p). Give m(-8).
-7
Suppose 1 = -3*m + 5*m + 3*s, -s - 13 = -2*m. Let f(q) be the first derivative of -q**4/4 + 2*q**3 - 3*q**2/2 - 4*q + 596. Give f(m).
6
Let a(w) be the third derivative of w**4/3 - 2*w**3 - w**2 + 460*w. Determine a(7).
44
Suppose -8*o + 0*o = -392. Let g = 46 - o. Let l(q) = -4*q**2 - 2 + 0*q - 1 - q**3 - 3*q. Determine l(g).
-3
Let z(j) = -j + 12*j**2 + 60*j**2 - 7 - 61*j**2 + 6. Let w be -3 - (-1 + 0 - 1). What is z(w)?
11
Let l = -45 + 54. Suppose -21*j + 84 = -l*j. Let q(h) = h + 2. Let t(o) = o + 3. Let m(f) = -7*q(f) + 5*t(f). Determine m(j).
-13
Let r(i) = 12 + 84*i + 4*i**2 - 1 + 0 - 91*i - 2. What is r(3)?
24
Let c be -2 - -1*(-6)/5*-5. Let s(v) = 4*v**2 - 10*v - 4. Let d(g) = 5*g**2 - 11*g - 4. Let i(l) = c*s(l) - 3*d(l). Let r = 6 - 1. Give i(r).
-14
Let f(r) be the first derivative of -9*r**2 - 133*r + 217. Calculate f(-7).
-7
Let d(f) = -f**3 + 17*f**2 - 14*f - 26. Let a = 3420 + -3404. What is d(a)?
6
Let b(y) = 30*y**2 - 1 + 2*y + 0 + 31*y**2 - 85*y**2 + 25*y**2. Determine b(-4).
7
Let x(z) = 13*z**3 - 37*z**2 + 56*z + 23. Let m(y) = -24*y**3 + 66*y**2 - 107*y - 45. Let j(r) = -6*m(r) - 11*x(r). Calculate j(-8).
1
Let b(w) = 53 + 84 - 5*w - 201 + 62. Let x be ((-8)/6 + 1)/(1/3). What is b(x)?
3
Let f(k) = -2*k - 9*k**2 - 5*k**3 + 7 + 4*k**3 + 0*k + 0*k. Suppose -m = 9 - 0. Give f(m).
25
Let g(j) = 2*j**2 + j - 1. Let x(m) = -13*m**2 + 10*m + 17. Let s(t) = 4*g(t) + x(t). Let d(y) = 12*y**2 - 27*y - 28. Let f(a) = 2*d(a) + 5*s(a). What is f(16)?
9
Let y(h) = -h**3 - 11*h**2 - 27*h - 4. Suppose 196*k + 46*k + 681 = 15*k. Give y(k).
5
Let u(q) = q**3 + 7*q**2 + 7*q - 2. Let p be ((-4)/16 - 0)/(2/(-48)). Suppose -4*b + 24 = -2*b. Suppose 4*t - p*t - b = 4*s, t = 2*s + 14. Calculate u(s).
13
Let c be 2/(-2) + 2 + -12. Let z = -20 - c. Let r(j) be the second derivative of -j**3/6 - 17*j**2/2 + 5*j. What is r(z)?
-8
Let u(k) = 4*k - 1. Let j(v) = -25*v + 6. Let q(t) = j(t) + 6*u(t). Let d(l) = -8*l + 3*l - 7*l**2 + 0*l - 5 + l**2 - l**3. Let r be d(-5). Give q(r).
5
Let d(y) = -7*y**3 + 17*y**2 + 37*y - 21. Let u(m) = -3*m**3 + 8*m**2 + 18*m - 8. Let p(s) = 2*d(s) - 5*u(s). What is p(8)?
-2
Let r(l) = -l**3 + 8*l**2 - 8*l - 3. Let p be 4 - -4*(-63)/(-84). Calculate r(p).
-10
Let s(r) = -r**2. Let p(n) = 4*n**3 + n + 1. Let o(w) = p(w) - s(w). Let f(d) = 2*d**3 + 9*d**2 + 8*d + 15. Let q be f(-4). What is o(q)?
-3
Suppose -2*p = -3 - 1, 4*m + 4*p - 56 = 0. Let c be 2/8 + 45/(-4). Let n = c + m. Let h(r) = -r**2 - 1. Give h(n).
-2
Let w(f) = -4*f. Let m be 3 - ((-21)/(-4) + 3/